{"id":2883,"date":"2019-05-18T13:39:27","date_gmt":"2019-05-18T10:39:27","guid":{"rendered":"http:\/\/pectinworld.com\/espanol-las-jornadas-food-brokerage-event-atraen-a-profesionales-de-16-paises-por-la-tecnologia-de-la-industria-agroalimentaria-de-la-region\/"},"modified":"2023-08-17T15:36:09","modified_gmt":"2023-08-17T12:36:09","slug":"food-brokerage-event-2019","status":"publish","type":"page","link":"https:\/\/pectinworld.com\/en\/food-brokerage-event-2019\/","title":{"rendered":"Las jornadas \u2018Food Brokerage Event\u2019 atraen a profesionales de 16 pa\u00edses por la tecnolog\u00eda de la industria agroalimentaria de la Regi\u00f3n"},"content":{"rendered":"<p>[et_pb_section fb_built=&#8221;1&#8243; _builder_version=&#8221;4.16&#8243; global_colors_info=&#8221;{}&#8221;][et_pb_row _builder_version=&#8221;4.16&#8243; background_size=&#8221;initial&#8221; background_position=&#8221;top_left&#8221; background_repeat=&#8221;repeat&#8221; global_colors_info=&#8221;{}&#8221;][et_pb_column type=&#8221;4_4&#8243; _builder_version=&#8221;4.16&#8243; custom_padding=&#8221;|||&#8221; global_colors_info=&#8221;{}&#8221; custom_padding__hover=&#8221;|||&#8221;][et_pb_code _builder_version=&#8221;4.16&#8243; _module_preset=&#8221;default&#8221; global_colors_info=&#8221;{}&#8221;]<\/p>\n<div itemscope itemtype=\"https:\/\/schema.org\/Person\"><a itemprop=\"sameAs\" content=\"ORCID - Galina Ignatyeva\" href=\"https:\/\/orcid.org\/0000-0001-8828-7816\" target=\"orcid.widget\" rel=\"me noopener noreferrer\" style=\"vertical-align:top;\"><img decoding=\"async\" src=\"https:\/\/orcid.org\/sites\/default\/files\/images\/orcid_16x16.png\" style=\"width:1em;margin-right:.5em;\" alt=\"ORCID iD icon\">ORCID &#8211; Galina Ignatyeva<\/a><\/div>\n<p>[\/et_pb_code][et_pb_text _builder_version=&#8221;4.22.0&#8243; hover_enabled=&#8221;0&#8243; z_index_tablet=&#8221;500&#8243; global_colors_info=&#8221;{}&#8221; sticky_enabled=&#8221;0&#8243;]<\/p>\n<h2 style=\"text-align: center;\">Las jornadas &#8216;Food Brokerage Event&#8217; atraen a profesionales de 16 pa\u00edses por la tecnolog\u00eda de la industria agroalimentaria de la Regi\u00f3n<\/h2>\n<p>[\/et_pb_text][et_pb_text _builder_version=&#8221;4.16&#8243; z_index_tablet=&#8221;500&#8243; global_colors_info=&#8221;{}&#8221;]<\/p>\n<p>La IX edici\u00f3n de las jornadas internacionales de transferencia de tecnolog\u00eda alimentarias \u2018Food Brokerage Event 2019\u2019 han atra\u00eddo hoy y ma\u00f1ana a la Regi\u00f3n de Murcia a t\u00e9cnicos y profesionales de 16 pa\u00edses interesados en los avances realizados por empresas de la Regi\u00f3n. Se trata de un macro evento empresarial cuyo objetivo principal es que las empresas lleguen a cerrar acuerdos de cooperaci\u00f3n tecnol\u00f3gica.<\/p>\n<p>En concreto, en esta ocasi\u00f3n se cuenta con delegaciones internacionales de Alemania, Austria, B\u00e9lgica, Dinamarca, Finlandia, Francia, Grecia, Italia, Jordania, Kazajist\u00e1n, Moldavia, Portugal, Rumania, T\u00fanez, Turqu\u00eda y Ucrania.<\/p>\n<p>El objetivo es unir oferta y demanda entre los agentes del sector de la alimentaci\u00f3n para que lleguen a acuerdos y se siga generando empleo de calidad en la Regi\u00f3n. Para ello, el Instituto de Fomento (Info) ha concertado ya las 750 reuniones bilaterales que se celebrar\u00e1n, con una estimaci\u00f3n de que se materialicen unos 70 acuerdos de cooperaci\u00f3n tecnol\u00f3gica.<\/p>\n<p>En estas reuniones van a participar 450 empresas y organismos de\u00a0<acronym>I+D<\/acronym>, representantes de universidades, centros tecnol\u00f3gicos e institutos de investigaci\u00f3n que han generado un cat\u00e1logo con 620 perfiles tecnol\u00f3gicos. De hecho, estas cifras suponen un gran incremento con respecto a la anterior edici\u00f3n en la que hubo 400 empresas y organismos, con un cat\u00e1logo de 525 perfiles, alrededor de 700 entrevistas y en las que se cerraron 60 acuerdos de cooperaci\u00f3n.<\/p>\n<p>El consejero de Empleo, Universidades, Empresa y Medio Ambiente, Javier Celdr\u00e1n, indic\u00f3 que \u201cla Regi\u00f3n se convierte durante dos d\u00edas en epicentro de la tecnolog\u00eda alimentaria. Este evento demuestra la apuesta del Gobierno regional por apoyar proyectos muy vinculados con la innovaci\u00f3n y el conocimiento\u201d.<\/p>\n<p>Por su trayectoria, \u2018Food Brokerage Event\u2019 se caracteriza por la calidad de los perfiles que participan en el evento. En el foro se van a promocionar los \u00faltimos avances internacionales en los que la Regi\u00f3n es puntera, relacionados con seguridad alimentaria; biotecnolog\u00eda; tecnolog\u00eda de conservaci\u00f3n; envases inteligentes; automatizaci\u00f3n y control de procesos (rob\u00f3tica); y econom\u00eda circular y aprovechamiento de recursos h\u00eddricos.<\/p>\n<p>La agricultura y la industria alimentaria alcanzan los 7.900 millones de euros de cifra de negocio en la Regi\u00f3n, lo que representa un 25 por ciento del PIB regional, con la consiguiente creaci\u00f3n de puestos de trabajo. Esto es posible gracias a la transferencia de tecnolog\u00eda, en la que la Regi\u00f3n es l\u00edder, que aumenta de competitividad de las empresas, con la fabricaci\u00f3n de productos de mejor calidad, minorando costes, los tiempos de producci\u00f3n y generando m\u00e1s empleo\u201d, indic\u00f3 Celdr\u00e1n.<\/p>\n<p><strong>Vocaci\u00f3n exportadora<\/strong><\/p>\n<p>De forma paralela a \u2018Food Brokerage Event 2019\u2019 se celebra la IX edici\u00f3n del Simposio Internacional de Tecnolog\u00edas Alimentarias, organizado por el Centro Tecnol\u00f3gico Nacional de la Conserva y la Alimentaci\u00f3n en colaboraci\u00f3n con el Info. Estos eventos se han impulsado en el marco de la Enterprise Europe Network (EEN) de la Comisi\u00f3n europea para potenciar la capacidad innovadora de las empresas y de la que la Comunidad forma parte.<\/p>\n<p>El consejero concluy\u00f3 que \u201cdebemos trabajar unidos para avanzar hacia un modelo de Regi\u00f3n en el que l conocimiento, innovaci\u00f3n e investigaci\u00f3n sean los motores que impulsen el desarrollo. Iniciativas como \u00e9sta son una buena herramienta para contribuir a recorrer este camino\u201d.<\/p>\n<p>[\/et_pb_text][et_pb_image src=&#8221;https:\/\/pectinworld.com\/wp-content\/uploads\/2019\/05\/Food2019.jpg&#8221; align_tablet=&#8221;center&#8221; align_phone=&#8221;&#8221; align_last_edited=&#8221;on|desktop&#8221; _builder_version=&#8221;4.16&#8243; z_index_tablet=&#8221;500&#8243; global_colors_info=&#8221;{}&#8221;][\/et_pb_image][\/et_pb_column][\/et_pb_row][et_pb_row _builder_version=&#8221;4.22.0&#8243; _module_preset=&#8221;default&#8221;][et_pb_column _builder_version=&#8221;4.22.0&#8243; _module_preset=&#8221;default&#8221; type=&#8221;4_4&#8243;][et_pb_code _builder_version=&#8221;4.22.0&#8243; _module_preset=&#8221;default&#8221; hover_enabled=&#8221;0&#8243; sticky_enabled=&#8221;0&#8243;]<!-- Yandex.RTB R-A-1961663-1 --><!-- [et_pb_line_break_holder] --><\/p>\n<div id=\"yandex_rtb_R-A-1961663-1\"><\/div>\n<p><!-- [et_pb_line_break_holder] --><script>window.yaContextCb.push(()=>{<!-- [et_pb_line_break_holder] -->  Ya.Context.AdvManager.render({<!-- [et_pb_line_break_holder] -->    renderTo: 'yandex_rtb_R-A-1961663-1',<!-- [et_pb_line_break_holder] -->    blockId: 'R-A-1961663-1'<!-- [et_pb_line_break_holder] -->  })<!-- [et_pb_line_break_holder] -->})<\/script>[\/et_pb_code][\/et_pb_column][\/et_pb_row][\/et_pb_section]<\/p>\n","protected":false},"excerpt":{"rendered":"<p>ORCID &#8211; Galina Ignatyeva Las jornadas &#8216;Food&#8230;<\/p>\n","protected":false},"author":1,"featured_media":0,"parent":0,"menu_order":0,"comment_status":"closed","ping_status":"closed","template":"","meta":{"_et_pb_use_builder":"on","_et_pb_old_content":"","_et_gb_content_width":"","footnotes":""},"class_list":["post-2883","page","type-page","status-publish"],"_links":{"self":[{"href":"https:\/\/pectinworld.com\/en\/wp-json\/wp\/v2\/pages\/2883","targetHints":{"allow":["GET"]}}],"collection":[{"href":"https:\/\/pectinworld.com\/en\/wp-json\/wp\/v2\/pages"}],"about":[{"href":"https:\/\/pectinworld.com\/en\/wp-json\/wp\/v2\/types\/page"}],"author":[{"embeddable":true,"href":"https:\/\/pectinworld.com\/en\/wp-json\/wp\/v2\/users\/1"}],"replies":[{"embeddable":true,"href":"https:\/\/pectinworld.com\/en\/wp-json\/wp\/v2\/comments?post=2883"}],"version-history":[{"count":5,"href":"https:\/\/pectinworld.com\/en\/wp-json\/wp\/v2\/pages\/2883\/revisions"}],"predecessor-version":[{"id":6324,"href":"https:\/\/pectinworld.com\/en\/wp-json\/wp\/v2\/pages\/2883\/revisions\/6324"}],"wp:attachment":[{"href":"https:\/\/pectinworld.com\/en\/wp-json\/wp\/v2\/media?parent=2883"}],"curies":[{"name":"wp","href":"https:\/\/api.w.org\/{rel}","templated":true}]}}

Las jornadas ‘Food Brokerage Event’ atraen a profesionales de 16 países por la tecnología de la industria agroalimentaria de la Región

<p>[et_pb_section fb_built=&#8221;1&#8243; _builder_version=&#8221;4.16&#8243; global_colors_info=&#8221;{}&#8221;][et_pb_row _builder_version=&#8221;4.16&#8243; background_size=&#8221;initial&#8221; background_position=&#8221;top_left&#8221; background_repeat=&#8221;repeat&#8221; global_colors_info=&#8221;{}&#8221;][et_pb_column type=&#8221;4_4&#8243; _builder_version=&#8221;4.16&#8243; custom_padding=&#8221;|||&#8221; global_colors_info=&#8221;{}&#8221; custom_padding__hover=&#8221;|||&#8221;][et_pb_code _builder_version=&#8221;4.16&#8243; _module_preset=&#8221;default&#8221; global_colors_info=&#8221;{}&#8221;]</p>
<div itemscope itemtype="https://schema.org/Person"><a itemprop="sameAs" content="ORCID - Galina Ignatyeva" href="https://orcid.org/0000-0001-8828-7816" target="orcid.widget" rel="me noopener noreferrer" style="vertical-align:top;"><img decoding="async" src="https://orcid.org/sites/default/files/images/orcid_16x16.png" style="width:1em;margin-right:.5em;" alt="ORCID iD icon">ORCID &#8211; Galina Ignatyeva</a></div>
<p>[/et_pb_code][et_pb_text _builder_version=&#8221;4.22.0&#8243; hover_enabled=&#8221;0&#8243; z_index_tablet=&#8221;500&#8243; global_colors_info=&#8221;{}&#8221; sticky_enabled=&#8221;0&#8243;]</p>
<h2 style="text-align: center;">Las jornadas &#8216;Food Brokerage Event&#8217; atraen a profesionales de 16 países por la tecnología de la industria agroalimentaria de la Región</h2>
<p>[/et_pb_text][et_pb_text _builder_version=&#8221;4.16&#8243; z_index_tablet=&#8221;500&#8243; global_colors_info=&#8221;{}&#8221;]</p>
<p>La IX edición de las jornadas internacionales de transferencia de tecnología alimentarias ‘Food Brokerage Event 2019’ han atraído hoy y mañana a la Región de Murcia a técnicos y profesionales de 16 países interesados en los avances realizados por empresas de la Región. Se trata de un macro evento empresarial cuyo objetivo principal es que las empresas lleguen a cerrar acuerdos de cooperación tecnológica.</p>
<p>En concreto, en esta ocasión se cuenta con delegaciones internacionales de Alemania, Austria, Bélgica, Dinamarca, Finlandia, Francia, Grecia, Italia, Jordania, Kazajistán, Moldavia, Portugal, Rumania, Túnez, Turquía y Ucrania.</p>
<p>El objetivo es unir oferta y demanda entre los agentes del sector de la alimentación para que lleguen a acuerdos y se siga generando empleo de calidad en la Región. Para ello, el Instituto de Fomento (Info) ha concertado ya las 750 reuniones bilaterales que se celebrarán, con una estimación de que se materialicen unos 70 acuerdos de cooperación tecnológica.</p>
<p>En estas reuniones van a participar 450 empresas y organismos de <acronym>I+D</acronym>, representantes de universidades, centros tecnológicos e institutos de investigación que han generado un catálogo con 620 perfiles tecnológicos. De hecho, estas cifras suponen un gran incremento con respecto a la anterior edición en la que hubo 400 empresas y organismos, con un catálogo de 525 perfiles, alrededor de 700 entrevistas y en las que se cerraron 60 acuerdos de cooperación.</p>
<p>El consejero de Empleo, Universidades, Empresa y Medio Ambiente, Javier Celdrán, indicó que “la Región se convierte durante dos días en epicentro de la tecnología alimentaria. Este evento demuestra la apuesta del Gobierno regional por apoyar proyectos muy vinculados con la innovación y el conocimiento”.</p>
<p>Por su trayectoria, ‘Food Brokerage Event’ se caracteriza por la calidad de los perfiles que participan en el evento. En el foro se van a promocionar los últimos avances internacionales en los que la Región es puntera, relacionados con seguridad alimentaria; biotecnología; tecnología de conservación; envases inteligentes; automatización y control de procesos (robótica); y economía circular y aprovechamiento de recursos hídricos.</p>
<p>La agricultura y la industria alimentaria alcanzan los 7.900 millones de euros de cifra de negocio en la Región, lo que representa un 25 por ciento del PIB regional, con la consiguiente creación de puestos de trabajo. Esto es posible gracias a la transferencia de tecnología, en la que la Región es líder, que aumenta de competitividad de las empresas, con la fabricación de productos de mejor calidad, minorando costes, los tiempos de producción y generando más empleo”, indicó Celdrán.</p>
<p><strong>Vocación exportadora</strong></p>
<p>De forma paralela a ‘Food Brokerage Event 2019’ se celebra la IX edición del Simposio Internacional de Tecnologías Alimentarias, organizado por el Centro Tecnológico Nacional de la Conserva y la Alimentación en colaboración con el Info. Estos eventos se han impulsado en el marco de la Enterprise Europe Network (EEN) de la Comisión europea para potenciar la capacidad innovadora de las empresas y de la que la Comunidad forma parte.</p>
<p>El consejero concluyó que “debemos trabajar unidos para avanzar hacia un modelo de Región en el que l conocimiento, innovación e investigación sean los motores que impulsen el desarrollo. Iniciativas como ésta son una buena herramienta para contribuir a recorrer este camino”.</p>
<p>[/et_pb_text][et_pb_image src=&#8221;https://pectinworld.com/wp-content/uploads/2019/05/Food2019.jpg&#8221; align_tablet=&#8221;center&#8221; align_phone=&#8221;&#8221; align_last_edited=&#8221;on|desktop&#8221; _builder_version=&#8221;4.16&#8243; z_index_tablet=&#8221;500&#8243; global_colors_info=&#8221;{}&#8221;][/et_pb_image][/et_pb_column][/et_pb_row][et_pb_row _builder_version=&#8221;4.22.0&#8243; _module_preset=&#8221;default&#8221;][et_pb_column _builder_version=&#8221;4.22.0&#8243; _module_preset=&#8221;default&#8221; type=&#8221;4_4&#8243;][et_pb_code _builder_version=&#8221;4.22.0&#8243; _module_preset=&#8221;default&#8221; hover_enabled=&#8221;0&#8243; sticky_enabled=&#8221;0&#8243;]<!-- Yandex.RTB R-A-1961663-1 --><!-- [et_pb_line_break_holder] --></p>
<div id="yandex_rtb_R-A-1961663-1"></div>
<p><!-- [et_pb_line_break_holder] --><script>window.yaContextCb.push(()=>{<!-- [et_pb_line_break_holder] -->  Ya.Context.AdvManager.render({<!-- [et_pb_line_break_holder] -->    renderTo: 'yandex_rtb_R-A-1961663-1',<!-- [et_pb_line_break_holder] -->    blockId: 'R-A-1961663-1'<!-- [et_pb_line_break_holder] -->  })<!-- [et_pb_line_break_holder] -->})</script>[/et_pb_code][/et_pb_column][/et_pb_row][/et_pb_section]</p>
